*p + 2*a - 320. What is the tens digit of p?
6
Let t(g) = 1 + g + 0 - 4*g - g. Let a be t(-5). Suppose 4*x = x + a. What is the units digit of x?
7
Let q = -10 - -12. Let u(v) = 4*v - 2. Let w be u(q). Let f = 7 - w. What is the units digit of f?
1
Suppose 2*l = 10, 4*u - 3*l - 113 = 2*u. What is the tens digit of u?
6
Let p(h) = -h**3 - 2*h**2 - 2*h - 3. Let i be p(-2). Suppose -i = -u + 9. What is the units digit of u?
0
Let a(v) = 2*v**2 + 5*v - 1. Let p be a(-11). Let g = p + -129. What is the units digit of g?
7
Let p be (-1)/5 + (-78)/10. What is the tens digit of p/(-2)*10/4?
1
Let p(x) be the first derivative of 1/4*x**4 - 8/3*x**3 + 3*x + 2 + 4*x**2. What is the units digit of p(7)?
0
Let l(w) = -24*w. Let u be l(1). What is the units digit of (u/(-15))/(1/5)?
8
Suppose -2*f + 2*t + 148 + 172 = 0, -4*t + 459 = 3*f. What is the tens digit of f?
5
Let v(m) be the third derivative of m**4/12 + m**3/6 + 2*m**2. Let z be v(1). Suppose -z*x = -4*u + 9, -u - 15 = -6*u. What is the units digit of x?
1
Suppose -2*n = -5*s - 9, -2*s - 37 = -5*n - 4*s. What is the units digit of n?
7
Suppose -5*i - 41 = -2*p - 11, 2*p - 30 = -5*i. What is the tens digit of p?
1
Suppose 16 = h + 4. Suppose -4*d = -2*b - 36, -d + b + b + h = 0. What is the units digit of d?
8
What is the units digit of (39/(-2))/(-1)*2?
9
What is the tens digit of (2 + -4)*17/(-1)?
3
Suppose -m = -v + 3*m + 110, 4*v + m - 389 = 0. What is the tens digit of v?
9
Suppose 4*c - 88 = -2*g + c, 4*g - 194 = 3*c. What is the units digit of g?
7
Suppose -j = 5*o + 27, -4*o = 5*j + 24 + 6. Let q = o - -7. Suppose i = -y + 11, 3 = q*y - 7. What is the units digit of i?
6
Let h = -4 + 9. Suppose -h = -3*j - 4*w + 3, 0 = 3*j - 2*w + 22. Let t = -2 - j. What is the units digit of t?
2
Let o(b) = b**2 + 6*b - 13. What is the units digit of o(6)?
9
Suppose 3*z + 2*m - 290 = -7, 0 = 2*z - 5*m - 195. What is the tens digit of z?
9
Let z(q) = q**2 + 4*q + 9. What is the tens digit of z(4)?
4
Suppose 0 = 4*n - d - 1 + 19, 5*n + 16 = -2*d. What is the tens digit of n/(-6) + (-272)/(-6)?
4
Suppose 12*k = -3*k + 1905. What is the tens digit of k?
2
Suppose -4*l + 63 + 365 = 0. What is the hundreds digit of l?
1
Let j(a) = a**2 + 9*a + 2. Let n be j(-8). Let f = n - -22. What is the tens digit of f?
1
Suppose -3*a = -3*r - 51, -4*a + 0*r + 56 = 2*r. What is the units digit of a?
5
Let u(g) = -7*g - 3. What is the tens digit of u(-9)?
6
Suppose 0 = -5*q + 498 + 422. What is the tens digit of q?
8
Suppose 5*w = -0*w. Let n(x) = x**2 - x - 28. Let d be n(w). What is the units digit of (-76)/d - (-2)/7?
3
Let n be (-52)/(-8) + 1/2. Let y = -1 - n. What is the units digit of 1/2 + (-28)/y?
4
Let d be (-259)/21 - (-4)/(-6). Let h = 24 + d. What is the tens digit of h?
1
Let r = 14 - 49. Let z = r - -59. What is the tens digit of z?
2
Let o = 4 - -3. Suppose 2*l = 3*l - o. Suppose j = 2*z - l, 5*z = -j + 3*j + 18. What is the units digit of z?
4
Suppose 3*z + 1 = k, 5*k = k - 4*z + 36. Let g(h) = -k*h + h**2 + 0*h - 2 - 2. What is the units digit of g(8)?
4
Let r(j) = 3*j**2 - j**3 - 2 + 3 + j - 1. Suppose -3*d = -2*d - 3. What is the units digit of r(d)?
3
Let x(m) = m**2 + 15*m + 16. Let h be x(-13). What is the units digit of (-4)/h - 148/(-5)?
0
Suppose 3*c - 541 = 4*o, 270 - 1149 = -5*c + o. What is the hundreds digit of c?
1
Let g = 20 + -5. Suppose -2*f + 5*f - g = 0. Suppose 2*s - k = 17 + 6, -f*s - k + 40 = 0. What is the units digit of s?
9
Let i = 404 + -269. Suppose 4*u - 7*u = -i. What is the tens digit of u?
4
Suppose 18 = -5*q - 2. Let j = q - -4. Suppose j*g + 5*u - 13 = -2*g, 2*u = -5*g + 22. What is the units digit of g?
4
Suppose -3*x - 59 = -2*l + 62, -5*l - 3*x + 292 = 0. What is the tens digit of l?
5
Suppose -j = -3*m - 2, -3*m + 4 - 10 = 3*j. What is the units digit of j + (-1 + 0 - -7)?
5
Let d = -1 + 5. Suppose -d*v + 50 = -74. What is the units digit of v?
1
Suppose -5*h - 57 + 1069 = -4*d, -d = -3*h + 603. What is the tens digit of ((-18)/10)/((-8)/h)?
4
Let m(u) be the second derivative of -u**5/20 + u**4/3 + 5*u**2/2 + u. Suppose 3*f + 3*x - 7*x - 12 = 0, -4*f + 5*x + 16 = 0. What is the units digit of m(f)?
5
Let z = 44 - 20. What is the tens digit of z?
2
Let p = -2 - -5. Suppose p*j - 10 = -2*j. Suppose 0 = 4*c - 2*y - 28, -3*c - 5*y + j = -19. What is the units digit of c?
7
Let u(h) be the third derivative of -h**6/120 + h**5/10 - h**4/8 + h**3/6 + 4*h**2. What is the tens digit of u(5)?
1
Let s be (5 + 1)/(1 - -1). What is the units digit of (-57)/(-3) + s + -5?
7
Suppose 0 = -2*c + 7*c - 105. Suppose -3*m - 13 = -2*m. Let w = m + c. What is the units digit of w?
8
Let w(y) = 5*y**2 + 3*y**3 - 4 - y**3 + 2*y**2 + 2*y - y**3. What is the units digit of w(-5)?
6
Suppose 10*b - 13*b + 894 = 0. What is the tens digit of b?
9
Suppose -l + 3*c + 1074 = 2*l, 2*l = -c + 704. Let d be (-4)/10 - l/(-10). Suppose -k = f + 5 - 3, -4*k - d = -5*f. What is the units digit of f?
3
Let c(w) = -3 + 3*w + 0 + 0. Let b(z) = -13*z + 13. Let f(r) = 2*b(r) + 9*c(r). What is the units digit of f(5)?
4
Suppose -16 - 14 = -p. Suppose p - 10 = w. Let q = w + -12. What is the units digit of q?
8
Suppose -2*v - 2*l + 8 = -0*v, -3*l - 4 = -5*v. Suppose -2 = -2*j - v*u - 0*u, -2*j + 26 = -4*u. What is the units digit of j?
5
Suppose 3*i + 100 = 5*q - 17, -q = -4*i - 37. What is the tens digit of q?
2
Let g(c) = -84*c - 2. What is the units digit of g(-1)?
2
Suppose -2*i = -4*m - 18, -2*i - 5*m = 2 + 16. Let r be (1/(-2))/(i/4). What is the units digit of (-1*1)/(r + 1)?
1
Let m(z) be the third derivative of -z**4/12 + z**3/6 - 3*z**2. What is the units digit of m(-2)?
5
Let i(j) = 0*j**3 - j**3 - 23*j**2 - 2 - 10*j + 13*j**2. What is the units digit of i(-9)?
7
Suppose 0*u + 1 = -4*r - u, -5 = 5*r + 5*u. Suppose 4*w - 3*w - 4 = r. What is the units digit of w?
4
Let t = -90 + 179. What is the tens digit of t?
8
Let z(r) be the first derivative of -r**3/3 + 4*r**2 - 10*r - 2. Let w be z(7). Let l(k) = -k**2 - 6*k - 4. What is the units digit of l(w)?
5
Let f = 179 - 87. What is the tens digit of f?
9
Suppose 0 = -x + 6 - 0. What is the units digit of (-4 + 2)*x/(-4)?
3
What is the tens digit of (0 + 3)/((-6)/(-80))?
4
Suppose 77*l - 76*l - 6 = 0. What is the units digit of l?
6
Suppose d + d - 10 = 0, -d = -5*x + 55. Let b(n) = -n**3 - 7. Let u be b(0). Let v = x + u. What is the units digit of v?
5
Suppose i - 87 = -4*b - 2*i, -4*b = -4*i - 52. Let h = 25 - b. What is the units digit of h?
7
Let t = 17 + -3. Suppose r + 0*r + 4*z - 6 = 0, -2*z = -5*r + 118. What is the units digit of t/77 - (-194)/r?
9
Let p = 4 + -2. Suppose 18 = -4*r - p. Let b = r - -9. What is the units digit of b?
4
What is the units digit of (1 - (-2 - 37)) + -2?
8
Suppose -4*b + 5*m + 24 = 0, -5*b - 5*m = -m - 30. Let o = -2 + b. Suppose 0 = 3*i - 5 - o. What is the units digit of i?
3
Suppose 0 = -3*n + 4*n - 14. Let d = n + 1. What is the tens digit of d?
1
Suppose -64 = -6*p + 4*p. What is the tens digit of p?
3
Let l = 24 - 24. Suppose -46 = -2*q - l*q. What is the tens digit of q?
2
Suppose 4*p = 9 + 51. Let h = -8 + -3. Let j = h + p. What is the units digit of j?
4
Let i(g) = -g**3 - 4*g**2 + g - 1. Let o(q) = -q**3 - 4*q**2 - 2. Let c be ((-6)/7)/(1/(-7)). Let m(d) = c*o(d) - 7*i(d). What is the units digit of m(-5)?
5
Let n(r) = 2*r**2 - 4*r + 3. Let t be n(2). Let w = t + 13. What is the units digit of w?
6
Let n = 2 - 0. Let y be 0 + n/(-1 + 3). Suppose -k = -2 - y. What is the units digit of k?
3
Suppose -3*v = -2*x - 2*x + 5, v - 3*x = -10. Let m(p) = -5*p + p**2 + p - 1 - v. What is the units digit of m(6)?
6
What is the tens digit of 25/(4 - 33/9)?
7
What is the tens digit of ((-78)/(-10))/(5/25)?
3
Let k be 1/(3/21) - 1. Let x(h) = 2*h + 1. What is the tens digit of x(k)?
1
Suppose 6*g - 51 = 3*g. Suppose r = -3*r - 4, -g = 3*f + 5*r. What is the units digit of f/2 - -22 - -2?
2
Suppose 94 - 553 = -3*p. What is the hundreds digit of p?
1
Let s = 60 + 38. What is the tens digit of s?
9
Let n(b) = -5*b - 1. Let x be n(-2). Let m be 0 + -2 + 0 + x. Suppose -29 + m = -4*q - k, -5*q = -4*k - 38. What is the units digit of q?
6
Suppose 0 = 3*x + 6*g - g - 77, 0 = 5*x + 5*g - 135. What is the tens digit of x?
2
Let f